[INFO] cloning repository https://github.com/wg/irongate
[INFO] running `Command { std: "git" "-c" "credential.helper=" "-c" "credential.helper=/workspace/cargo-home/bin/git-credential-null" "clone" "--bare" "https://github.com/wg/irongate" "/workspace/cache/git-repos/https%3A%2F%2Fgithub.com%2Fwg%2Firongate", kill_on_drop: false }`
[INFO] [stderr] Cloning into bare repository '/workspace/cache/git-repos/https%3A%2F%2Fgithub.com%2Fwg%2Firongate'...
[INFO] running `Command { std: "git" "rev-parse" "HEAD", kill_on_drop: false }`
[INFO] [stdout] b45b5fc993c59494873941a88c59380cbabb62f5
[INFO] building wg/irongate against master#ff34b919075f35a1787659e9c448a34b06bab8de for issue-85264
[INFO] running `Command { std: "git" "clone" "/workspace/cache/git-repos/https%3A%2F%2Fgithub.com%2Fwg%2Firongate" "/workspace/builds/worker-0/source", kill_on_drop: false }`
[INFO] [stderr] Cloning into '/workspace/builds/worker-0/source'...
[INFO] [stderr] done.
[INFO] validating manifest of git repo https://github.com/wg/irongate on toolchain ff34b919075f35a1787659e9c448a34b06bab8de
[INFO] running `Command { std: "/workspace/cargo-home/bin/cargo" "+ff34b919075f35a1787659e9c448a34b06bab8de" "metadata" "--manifest-path" "Cargo.toml" "--no-deps", kill_on_drop: false }`
[INFO] started tweaking git repo https://github.com/wg/irongate
[INFO] finished tweaking git repo https://github.com/wg/irongate
[INFO] tweaked toml for git repo https://github.com/wg/irongate written to /workspace/builds/worker-0/source/Cargo.toml
[INFO] crate git repo https://github.com/wg/irongate already has a lockfile, it will not be regenerated
[INFO] running `Command { std: "/workspace/cargo-home/bin/cargo" "+ff34b919075f35a1787659e9c448a34b06bab8de" "fetch" "--manifest-path" "Cargo.toml", kill_on_drop: false }`
[INFO] running `Command { std: "docker" "create" "-v" "/var/lib/crater-agent-workspace/builds/worker-0/target:/opt/rustwide/target:rw,Z" "-v" "/var/lib/crater-agent-workspace/builds/worker-0/source:/opt/rustwide/workdir:ro,Z" "-v" "/var/lib/crater-agent-workspace/cargo-home:/opt/rustwide/cargo-home:ro,Z" "-v" "/var/lib/crater-agent-workspace/rustup-home:/opt/rustwide/rustup-home:ro,Z" "-e" "SOURCE_DIR=/opt/rustwide/workdir" "-e" "CARGO_TARGET_DIR=/opt/rustwide/target" "-e" "CARGO_HOME=/opt/rustwide/cargo-home" "-e" "RUSTUP_HOME=/opt/rustwide/rustup-home" "-w" "/opt/rustwide/workdir" "-m" "1610612736" "--user" "0:0" "--network" "none" "ghcr.io/rust-lang/crates-build-env/linux@sha256:20528e8c29e4536546f0102ce88568b16ea7538393a33fcca951030f7af10457" "/opt/rustwide/cargo-home/bin/cargo" "+ff34b919075f35a1787659e9c448a34b06bab8de" "metadata" "--no-deps" "--format-version=1", kill_on_drop: false }`
[INFO] [stdout] bd193813caca2439957de98c0b4aab439d6df2306ad8dc6d20eee913ca05b420
[INFO] [stderr] WARNING: Your kernel does not support swap limit capabilities or the cgroup is not mounted. Memory limited without swap.
[INFO] running `Command { std: "docker" "start" "-a" "bd193813caca2439957de98c0b4aab439d6df2306ad8dc6d20eee913ca05b420", kill_on_drop: false }`
[INFO] running `Command { std: "docker" "inspect" "bd193813caca2439957de98c0b4aab439d6df2306ad8dc6d20eee913ca05b420", kill_on_drop: false }`
[INFO] running `Command { std: "docker" "rm" "-f" "bd193813caca2439957de98c0b4aab439d6df2306ad8dc6d20eee913ca05b420", kill_on_drop: false }`
[INFO] [stdout] bd193813caca2439957de98c0b4aab439d6df2306ad8dc6d20eee913ca05b420
[INFO] running `Command { std: "docker" "create" "-v" "/var/lib/crater-agent-workspace/builds/worker-0/target:/opt/rustwide/target:rw,Z" "-v" "/var/lib/crater-agent-workspace/builds/worker-0/source:/opt/rustwide/workdir:ro,Z" "-v" "/var/lib/crater-agent-workspace/cargo-home:/opt/rustwide/cargo-home:ro,Z" "-v" "/var/lib/crater-agent-workspace/rustup-home:/opt/rustwide/rustup-home:ro,Z" "-e" "SOURCE_DIR=/opt/rustwide/workdir" "-e" "CARGO_TARGET_DIR=/opt/rustwide/target" "-e" "CARGO_INCREMENTAL=0" "-e" "RUST_BACKTRACE=full" "-e" "RUSTFLAGS=--cap-lints=forbid" "-e" "CARGO_HOME=/opt/rustwide/cargo-home" "-e" "RUSTUP_HOME=/opt/rustwide/rustup-home" "-w" "/opt/rustwide/workdir" "-m" "1610612736" "--user" "0:0" "--network" "none" "ghcr.io/rust-lang/crates-build-env/linux@sha256:20528e8c29e4536546f0102ce88568b16ea7538393a33fcca951030f7af10457" "/opt/rustwide/cargo-home/bin/cargo" "+ff34b919075f35a1787659e9c448a34b06bab8de" "build" "--frozen" "--message-format=json", kill_on_drop: false }`
[INFO] [stderr] WARNING: Your kernel does not support swap limit capabilities or the cgroup is not mounted. Memory limited without swap.
[INFO] [stdout] ff78338905966be43bc7527a6e34cad988645775b7c4f568b784edf7129f9685
[INFO] running `Command { std: "docker" "start" "-a" "ff78338905966be43bc7527a6e34cad988645775b7c4f568b784edf7129f9685", kill_on_drop: false }`
[INFO] [stderr]    Compiling rustc-serialize v0.3.14
[INFO] [stderr]    Compiling regex v0.1.30
[INFO] [stderr]    Compiling rand v0.3.8
[INFO] [stderr]    Compiling time v0.1.25
[INFO] [stdout] error[E0642]: patterns aren't allowed in functions without bodies
[INFO] [stdout]    --> /opt/rustwide/cargo-home/registry/src/github.com-1ecc6299db9ec823/rustc-serialize-0.3.14/src/serialize.rs:144:45
[INFO] [stdout]     |
[INFO] [stdout] 144 | ...                   &f_name: &str,
[INFO] [stdout]     |                       ^^^^^^^ pattern not allowed in function without body
[INFO] [stdout] 
[INFO] [stdout] 
[INFO] [stdout] error[E0658]: use of unstable library feature 'pattern': API not fully fleshed out and ready to be stabilized
[INFO] [stdout]   --> /opt/rustwide/cargo-home/registry/src/github.com-1ecc6299db9ec823/regex-0.1.30/src/re.rs:16:25
[INFO] [stdout]    |
[INFO] [stdout] 16 | use std::str::pattern::{Pattern, Searcher, SearchStep};
[INFO] [stdout]    |                         ^^^^^^^
[INFO] [stdout]    |
[INFO] [stdout]    = note: see issue #27721 <https://github.com/rust-lang/rust/issues/27721> for more information
[INFO] [stdout]    = help: add `#![feature(pattern)]` to the crate attributes to enable
[INFO] [stdout] 
[INFO] [stdout] 
[INFO] [stdout] error[E0658]: use of unstable library feature 'pattern': API not fully fleshed out and ready to be stabilized
[INFO] [stdout]   --> /opt/rustwide/cargo-home/registry/src/github.com-1ecc6299db9ec823/regex-0.1.30/src/re.rs:16:34
[INFO] [stdout]    |
[INFO] [stdout] 16 | use std::str::pattern::{Pattern, Searcher, SearchStep};
[INFO] [stdout]    |                                  ^^^^^^^^
[INFO] [stdout]    |
[INFO] [stdout]    = note: see issue #27721 <https://github.com/rust-lang/rust/issues/27721> for more information
[INFO] [stdout]    = help: add `#![feature(pattern)]` to the crate attributes to enable
[INFO] [stdout] 
[INFO] [stdout] 
[INFO] [stdout] error[E0658]: use of unstable library feature 'pattern': API not fully fleshed out and ready to be stabilized
[INFO] [stdout]   --> /opt/rustwide/cargo-home/registry/src/github.com-1ecc6299db9ec823/regex-0.1.30/src/re.rs:16:44
[INFO] [stdout]    |
[INFO] [stdout] 16 | use std::str::pattern::{Pattern, Searcher, SearchStep};
[INFO] [stdout]    |                                            ^^^^^^^^^^
[INFO] [stdout]    |
[INFO] [stdout]    = note: see issue #27721 <https://github.com/rust-lang/rust/issues/27721> for more information
[INFO] [stdout]    = help: add `#![feature(pattern)]` to the crate attributes to enable
[INFO] [stdout] 
[INFO] [stdout] 
[INFO] [stdout] error[E0658]: use of unstable library feature 'pattern': API not fully fleshed out and ready to be stabilized
[INFO] [stdout]    --> /opt/rustwide/cargo-home/registry/src/github.com-1ecc6299db9ec823/regex-0.1.30/src/re.rs:987:5
[INFO] [stdout]     |
[INFO] [stdout] 987 |     type Searcher = RegexSearcher<'r, 't>;
[INFO] [stdout]     |     ^^^^^^^^^^^^^^^^^^^^^^^^^^^^^^^^^^^^^^
[INFO] [stdout]     |
[INFO] [stdout]     = note: see issue #27721 <https://github.com/rust-lang/rust/issues/27721> for more information
[INFO] [stdout]     = help: add `#![feature(pattern)]` to the crate attributes to enable
[INFO] [stdout] 
[INFO] [stdout] 
[INFO] [stdout] error[E0658]: use of unstable library feature 'pattern': API not fully fleshed out and ready to be stabilized
[INFO] [stdout]    --> /opt/rustwide/cargo-home/registry/src/github.com-1ecc6299db9ec823/regex-0.1.30/src/re.rs:989:5
[INFO] [stdout]     |
[INFO] [stdout] 989 | /     fn into_searcher(self, haystack: &'t str) -> RegexSearcher<'r, 't> {
[INFO] [stdout] 990 | |         RegexSearcher {
[INFO] [stdout] 991 | |             it: self.find_iter(haystack),
[INFO] [stdout] 992 | |             last_step_end: 0,
[INFO] [stdout] 993 | |             next_match: None,
[INFO] [stdout] 994 | |         }
[INFO] [stdout] 995 | |     }
[INFO] [stdout]     | |_____^
[INFO] [stdout]     |
[INFO] [stdout]     = note: see issue #27721 <https://github.com/rust-lang/rust/issues/27721> for more information
[INFO] [stdout]     = help: add `#![feature(pattern)]` to the crate attributes to enable
[INFO] [stdout] 
[INFO] [stdout] 
[INFO] [stdout] error[E0658]: use of unstable library feature 'pattern': API not fully fleshed out and ready to be stabilized
[INFO] [stdout]    --> /opt/rustwide/cargo-home/registry/src/github.com-1ecc6299db9ec823/regex-0.1.30/src/re.rs:986:14
[INFO] [stdout]     |
[INFO] [stdout] 986 | impl<'r, 't> Pattern<'t> for &'r Regex {
[INFO] [stdout]     |              ^^^^^^^^^^^
[INFO] [stdout]     |
[INFO] [stdout]     = note: see issue #27721 <https://github.com/rust-lang/rust/issues/27721> for more information
[INFO] [stdout]     = help: add `#![feature(pattern)]` to the crate attributes to enable
[INFO] [stdout] 
[INFO] [stdout] 
[INFO] [stdout] error[E0658]: use of unstable library feature 'pattern': API not fully fleshed out and ready to be stabilized
[INFO] [stdout]     --> /opt/rustwide/cargo-home/registry/src/github.com-1ecc6299db9ec823/regex-0.1.30/src/re.rs:1001:5
[INFO] [stdout]      |
[INFO] [stdout] 1001 | /     fn haystack(&self) -> &'t str {
[INFO] [stdout] 1002 | |         self.it.search
[INFO] [stdout] 1003 | |     }
[INFO] [stdout]      | |_____^
[INFO] [stdout]      |
[INFO] [stdout]      = note: see issue #27721 <https://github.com/rust-lang/rust/issues/27721> for more information
[INFO] [stdout]      = help: add `#![feature(pattern)]` to the crate attributes to enable
[INFO] [stdout] 
[INFO] [stdout] 
[INFO] [stdout] error[E0658]: use of unstable library feature 'pattern': API not fully fleshed out and ready to be stabilized
[INFO] [stdout]     --> /opt/rustwide/cargo-home/registry/src/github.com-1ecc6299db9ec823/regex-0.1.30/src/re.rs:1006:5
[INFO] [stdout]      |
[INFO] [stdout] 1006 | /     fn next(&mut self) -> SearchStep {
[INFO] [stdout] 1007 | |         if let Some((s, e)) = self.next_match {
[INFO] [stdout] 1008 | |             self.next_match = None;
[INFO] [stdout] 1009 | |             self.last_step_end = e;
[INFO] [stdout] ...    |
[INFO] [stdout] 1033 | |         }
[INFO] [stdout] 1034 | |     }
[INFO] [stdout]      | |_____^
[INFO] [stdout]      |
[INFO] [stdout]      = note: see issue #27721 <https://github.com/rust-lang/rust/issues/27721> for more information
[INFO] [stdout]      = help: add `#![feature(pattern)]` to the crate attributes to enable
[INFO] [stdout] 
[INFO] [stdout] 
[INFO] [stdout] error[E0658]: use of unstable library feature 'pattern': API not fully fleshed out and ready to be stabilized
[INFO] [stdout]    --> /opt/rustwide/cargo-home/registry/src/github.com-1ecc6299db9ec823/regex-0.1.30/src/re.rs:999:21
[INFO] [stdout]     |
[INFO] [stdout] 999 | unsafe impl<'r, 't> Searcher<'t> for RegexSearcher<'r, 't> {
[INFO] [stdout]     |                     ^^^^^^^^^^^^
[INFO] [stdout]     |
[INFO] [stdout]     = note: see issue #27721 <https://github.com/rust-lang/rust/issues/27721> for more information
[INFO] [stdout]     = help: add `#![feature(pattern)]` to the crate attributes to enable
[INFO] [stdout] 
[INFO] [stdout] 
[INFO] [stdout] error[E0658]: use of unstable library feature 'pattern': API not fully fleshed out and ready to be stabilized
[INFO] [stdout]     --> /opt/rustwide/cargo-home/registry/src/github.com-1ecc6299db9ec823/regex-0.1.30/src/re.rs:1006:27
[INFO] [stdout]      |
[INFO] [stdout] 1006 |     fn next(&mut self) -> SearchStep {
[INFO] [stdout]      |                           ^^^^^^^^^^
[INFO] [stdout]      |
[INFO] [stdout]      = note: see issue #27721 <https://github.com/rust-lang/rust/issues/27721> for more information
[INFO] [stdout]      = help: add `#![feature(pattern)]` to the crate attributes to enable
[INFO] [stdout] 
[INFO] [stdout] 
[INFO] [stdout] error[E0658]: use of unstable library feature 'pattern': API not fully fleshed out and ready to be stabilized
[INFO] [stdout]     --> /opt/rustwide/cargo-home/registry/src/github.com-1ecc6299db9ec823/regex-0.1.30/src/re.rs:1010:20
[INFO] [stdout]      |
[INFO] [stdout] 1010 |             return SearchStep::Match(s, e);
[INFO] [stdout]      |                    ^^^^^^^^^^^^^^^^^
[INFO] [stdout]      |
[INFO] [stdout]      = note: see issue #27721 <https://github.com/rust-lang/rust/issues/27721> for more information
[INFO] [stdout]      = help: add `#![feature(pattern)]` to the crate attributes to enable
[INFO] [stdout] 
[INFO] [stdout] 
[INFO] [stdout] error[E0658]: use of unstable library feature 'pattern': API not fully fleshed out and ready to be stabilized
[INFO] [stdout]     --> /opt/rustwide/cargo-home/registry/src/github.com-1ecc6299db9ec823/regex-0.1.30/src/re.rs:1017:21
[INFO] [stdout]      |
[INFO] [stdout] 1017 |                     SearchStep::Reject(last, self.haystack().len())
[INFO] [stdout]      |                     ^^^^^^^^^^^^^^^^^^
[INFO] [stdout]      |
[INFO] [stdout]      = note: see issue #27721 <https://github.com/rust-lang/rust/issues/27721> for more information
[INFO] [stdout]      = help: add `#![feature(pattern)]` to the crate attributes to enable
[INFO] [stdout] 
[INFO] [stdout] 
[INFO] [stdout] error[E0658]: use of unstable library feature 'pattern': API not fully fleshed out and ready to be stabilized
[INFO] [stdout]     --> /opt/rustwide/cargo-home/registry/src/github.com-1ecc6299db9ec823/regex-0.1.30/src/re.rs:1019:21
[INFO] [stdout]      |
[INFO] [stdout] 1019 |                     SearchStep::Done
[INFO] [stdout]      |                     ^^^^^^^^^^^^^^^^
[INFO] [stdout]      |
[INFO] [stdout]      = note: see issue #27721 <https://github.com/rust-lang/rust/issues/27721> for more information
[INFO] [stdout]      = help: add `#![feature(pattern)]` to the crate attributes to enable
[INFO] [stdout] 
[INFO] [stdout] 
[INFO] [stdout] error[E0658]: use of unstable library feature 'pattern': API not fully fleshed out and ready to be stabilized
[INFO] [stdout]     --> /opt/rustwide/cargo-home/registry/src/github.com-1ecc6299db9ec823/regex-0.1.30/src/re.rs:1025:21
[INFO] [stdout]      |
[INFO] [stdout] 1025 |                     SearchStep::Match(s, e)
[INFO] [stdout]      |                     ^^^^^^^^^^^^^^^^^
[INFO] [stdout]      |
[INFO] [stdout]      = note: see issue #27721 <https://github.com/rust-lang/rust/issues/27721> for more information
[INFO] [stdout]      = help: add `#![feature(pattern)]` to the crate attributes to enable
[INFO] [stdout] 
[INFO] [stdout] 
[INFO] [stdout] error[E0658]: use of unstable library feature 'pattern': API not fully fleshed out and ready to be stabilized
[INFO] [stdout]     --> /opt/rustwide/cargo-home/registry/src/github.com-1ecc6299db9ec823/regex-0.1.30/src/re.rs:1030:21
[INFO] [stdout]      |
[INFO] [stdout] 1030 |                     SearchStep::Reject(last, s)
[INFO] [stdout]      |                     ^^^^^^^^^^^^^^^^^^
[INFO] [stdout]      |
[INFO] [stdout]      = note: see issue #27721 <https://github.com/rust-lang/rust/issues/27721> for more information
[INFO] [stdout]      = help: add `#![feature(pattern)]` to the crate attributes to enable
[INFO] [stdout] 
[INFO] [stdout] 
[INFO] [stdout] error[E0277]: the size for values of type `Self` cannot be known at compilation time
[INFO] [stdout]   --> /opt/rustwide/cargo-home/registry/src/github.com-1ecc6299db9ec823/rand-0.3.8/src/distributions/range.rs:83:50
[INFO] [stdout]    |
[INFO] [stdout] 50 | pub struct Range<X> {
[INFO] [stdout]    |                  - required by this bound in `range::Range`
[INFO] [stdout] ...
[INFO] [stdout] 83 |     fn construct_range(low: Self, high: Self) -> Range<Self>;
[INFO] [stdout]    |                                                  ^^^^^^^^^^^ doesn't have a size known at compile-time
[INFO] [stdout]    |
[INFO] [stdout] help: you could relax the implicit `Sized` bound on `X` if it were used through indirection like `&X` or `Box<X>`
[INFO] [stdout]   --> /opt/rustwide/cargo-home/registry/src/github.com-1ecc6299db9ec823/rand-0.3.8/src/distributions/range.rs:50:18
[INFO] [stdout]    |
[INFO] [stdout] 50 | pub struct Range<X> {
[INFO] [stdout]    |                  ^ this could be changed to `X: ?Sized`...
[INFO] [stdout] 51 |     low: X,
[INFO] [stdout]    |          - ...if indirection were used here: `Box<X>`
[INFO] [stdout] 52 |     range: X,
[INFO] [stdout]    |            - ...if indirection were used here: `Box<X>`
[INFO] [stdout] 53 |     accept_zone: X
[INFO] [stdout]    |                  - ...if indirection were used here: `Box<X>`
[INFO] [stdout] help: consider further restricting `Self`
[INFO] [stdout]    |
[INFO] [stdout] 83 |     fn construct_range(low: Self, high: Self) -> Range<Self> where Self: Sized;
[INFO] [stdout]    |                                                              ^^^^^^^^^^^^^^^^^
[INFO] [stdout] 
[INFO] [stdout] 
[INFO] [stdout] error[E0277]: the size for values of type `Self` cannot be known at compilation time
[INFO] [stdout]   --> /opt/rustwide/cargo-home/registry/src/github.com-1ecc6299db9ec823/rand-0.3.8/src/distributions/range.rs:87:32
[INFO] [stdout]    |
[INFO] [stdout] 50 | pub struct Range<X> {
[INFO] [stdout]    |                  - required by this bound in `range::Range`
[INFO] [stdout] ...
[INFO] [stdout] 87 |     fn sample_range<R: Rng>(r: &Range<Self>, rng: &mut R) -> Self;
[INFO] [stdout]    |                                ^^^^^^^^^^^^ doesn't have a size known at compile-time
[INFO] [stdout]    |
[INFO] [stdout] help: you could relax the implicit `Sized` bound on `X` if it were used through indirection like `&X` or `Box<X>`
[INFO] [stdout]   --> /opt/rustwide/cargo-home/registry/src/github.com-1ecc6299db9ec823/rand-0.3.8/src/distributions/range.rs:50:18
[INFO] [stdout]    |
[INFO] [stdout] 50 | pub struct Range<X> {
[INFO] [stdout]    |                  ^ this could be changed to `X: ?Sized`...
[INFO] [stdout] 51 |     low: X,
[INFO] [stdout]    |          - ...if indirection were used here: `Box<X>`
[INFO] [stdout] 52 |     range: X,
[INFO] [stdout]    |            - ...if indirection were used here: `Box<X>`
[INFO] [stdout] 53 |     accept_zone: X
[INFO] [stdout]    |                  - ...if indirection were used here: `Box<X>`
[INFO] [stdout] help: consider further restricting `Self`
[INFO] [stdout]    |
[INFO] [stdout] 87 |     fn sample_range<R: Rng>(r: &Range<Self>, rng: &mut R) -> Self where Self: Sized;
[INFO] [stdout]    |                                                                   ^^^^^^^^^^^^^^^^^
[INFO] [stdout] 
[INFO] [stdout] 
[INFO] [stdout] error: aborting due to 2 previous errors
[INFO] [stdout] 
[INFO] [stdout] 
[INFO] [stdout] For more information about this error, try `rustc --explain E0277`.
[INFO] [stdout] 
[INFO] [stderr] error: could not compile `rand`
[INFO] [stderr] 
[INFO] [stderr] To learn more, run the command again with --verbose.
[INFO] [stderr] warning: build failed, waiting for other jobs to finish...
[INFO] [stdout] error[E0277]: the size for values of type `Self` cannot be known at compilation time
[INFO] [stdout]    --> /opt/rustwide/cargo-home/registry/src/github.com-1ecc6299db9ec823/rustc-serialize-0.3.14/src/serialize.rs:200:41
[INFO] [stdout]     |
[INFO] [stdout] 200 |     fn decode<D: Decoder>(d: &mut D) -> Result<Self, D::Error>;
[INFO] [stdout]     |                                         ^^^^^^^^^^^^^^^^^^^^^^ doesn't have a size known at compile-time
[INFO] [stdout]     |
[INFO] [stdout] help: consider further restricting `Self`
[INFO] [stdout]     |
[INFO] [stdout] 200 |     fn decode<D: Decoder>(d: &mut D) -> Result<Self, D::Error> where Self: Sized;
[INFO] [stdout]     |                                                                ^^^^^^^^^^^^^^^^^
[INFO] [stdout] 
[INFO] [stdout] 
[INFO] [stdout] error: aborting due to 2 previous errors
[INFO] [stdout] 
[INFO] [stdout] 
[INFO] [stdout] Some errors have detailed explanations: E0277, E0642.
[INFO] [stdout] 
[INFO] [stdout] For more information about an error, try `rustc --explain E0277`.
[INFO] [stdout] 
[INFO] [stdout] error[E0658]: use of unstable library feature 'pattern': API not fully fleshed out and ready to be stabilized
[INFO] [stdout]     --> /opt/rustwide/cargo-home/registry/src/github.com-1ecc6299db9ec823/regex-0.1.30/src/re.rs:1014:46
[INFO] [stdout]      |
[INFO] [stdout] 1014 |                 if self.last_step_end < self.haystack().len() {
[INFO] [stdout]      |                                              ^^^^^^^^
[INFO] [stdout]      |
[INFO] [stdout]      = note: see issue #27721 <https://github.com/rust-lang/rust/issues/27721> for more information
[INFO] [stdout]      = help: add `#![feature(pattern)]` to the crate attributes to enable
[INFO] [stdout] 
[INFO] [stdout] 
[INFO] [stdout] error[E0658]: use of unstable library feature 'pattern': API not fully fleshed out and ready to be stabilized
[INFO] [stdout]     --> /opt/rustwide/cargo-home/registry/src/github.com-1ecc6299db9ec823/regex-0.1.30/src/re.rs:1016:47
[INFO] [stdout]      |
[INFO] [stdout] 1016 |                     self.last_step_end = self.haystack().len();
[INFO] [stdout]      |                                               ^^^^^^^^
[INFO] [stdout]      |
[INFO] [stdout]      = note: see issue #27721 <https://github.com/rust-lang/rust/issues/27721> for more information
[INFO] [stdout]      = help: add `#![feature(pattern)]` to the crate attributes to enable
[INFO] [stdout] 
[INFO] [stdout] 
[INFO] [stdout] error[E0658]: use of unstable library feature 'pattern': API not fully fleshed out and ready to be stabilized
[INFO] [stdout]     --> /opt/rustwide/cargo-home/registry/src/github.com-1ecc6299db9ec823/regex-0.1.30/src/re.rs:1017:51
[INFO] [stdout]      |
[INFO] [stdout] 1017 |                     SearchStep::Reject(last, self.haystack().len())
[INFO] [stdout]      |                                                   ^^^^^^^^
[INFO] [stdout]      |
[INFO] [stdout]      = note: see issue #27721 <https://github.com/rust-lang/rust/issues/27721> for more information
[INFO] [stdout]      = help: add `#![feature(pattern)]` to the crate attributes to enable
[INFO] [stdout] 
[INFO] [stdout] 
[INFO] [stdout] error: aborting due to 18 previous errors
[INFO] [stdout] 
[INFO] [stdout] 
[INFO] [stdout] For more information about this error, try `rustc --explain E0658`.
[INFO] [stdout] 
[INFO] [stderr] error: build failed
[INFO] running `Command { std: "docker" "inspect" "ff78338905966be43bc7527a6e34cad988645775b7c4f568b784edf7129f9685", kill_on_drop: false }`
[INFO] running `Command { std: "docker" "rm" "-f" "ff78338905966be43bc7527a6e34cad988645775b7c4f568b784edf7129f9685", kill_on_drop: false }`
[INFO] [stdout] ff78338905966be43bc7527a6e34cad988645775b7c4f568b784edf7129f9685
